5 = 0. Calculate the remainder when m is divided by 9.
8
Suppose 7 = r + d, 6*d - 2*d = -r + 7. Let o(y) = y**2 + 0*y - 1 - r + 3*y. What is the remainder when 29 is divided by o(-6)?
9
Suppose 62 = b - 0*b + 4*v, -4*b + 215 = 5*v. Calculate the remainder when b is divided by -1 - (14/(-8))/((-7)/(-56)).
11
Suppose -96 = -2*d + 4*p, 0 = 2*d - 3*p + 4*p - 81. Calculate the remainder when d is divided by 5.
2
Let z = -149 - -161. Calculate the remainder when z is divided by 8.
4
What is the remainder when 165 is divided by 22 + 4/((-28)/7)?
18
Let a = -1087 - -1986. What is the remainder when a is divided by 45?
44
Let w(h) = h**3 - 11*h**2 + 14*h + 15. What is the remainder when w(10) is divided by 47?
8
Let r be (-232)/2 + 8 + (-6)/1. Let f(u) = 9*u**3 + 3*u + 3. Let k be f(-2). Let z = k - r. Calculate the remainder when z is divided by 14.
11
Let t be 3/(-9) - (-237)/9. Suppose 0 = 2*p - t - 0. What is the remainder when 23 is divided by p?
10
Let l(x) = -x**2 - 11*x - 15. Let v be -3 - 7/(0 + -1). Suppose 2*i = v*c + 40, -2*i + 0*i = 2*c - 10. Calculate the remainder when i is divided by l(-9).
1
Let j = -58 - -64. Calculate the remainder when 38 is divided by j.
2
Let j(h) = 12*h - 308. Calculate the remainder when j(28) is divided by 8.
4
Let u = 1 + -3. Let j(b) be the first derivative of b**3/3 + b**2/2 + 2*b + 11. What is the remainder when 13 is divided by j(u)?
1
Suppose -i - q + 202 = 0, -i + 5*q = -26 - 158. What is the remainder when i is divided by 41?
35
Suppose -38*h = -37*h - 5. Suppose -4*a = -h*r - 175, -5*a + 0*a = r - 197. What is the remainder when 157 is divided by a?
37
Let f = 26 - 135. Let d = 132 + f. Calculate the remainder when d is divided by 12.
11
Let x = -75 - -213. What is the remainder when x is divided by 5?
3
Let i = -1 + 34. Let y = -9 + 102. Calculate the remainder when y is divided by i.
27
Suppose 2*w - 158 = 2*f, -13*f = 2*w - 8*f - 186. Calculate the remainder when w is divided by 14.
13
Suppose -3*s + 33 = -21. Let v be (6 - 4) + (30 - 1). Suppose 0 = 3*l + v - 130. What is the remainder when l is divided by s?
15
Let w(z) = 261*z - 1158. Suppose -1 + 16 = u. What is the remainder when w(5) is divided by u?
12
Let i(f) = -5*f - 47. Let n be i(-10). Suppose 4*x - 90 = x + n*g, 2*g + 6 = 0. Calculate the remainder when x is divided by 16.
11
Let k = -361 - -489. What is the remainder when k is divided by 45?
38
What is the remainder when 43 is divided by (-1)/(-2)*(-12)/(-3) + 17?
5
Let c(w) = -70*w + 3. Calculate the remainder when c(-2) is divided by 4.
3
Let j = -12 - -13. Calculate the remainder when 71 is divided by (j - (-28 + 3)) + -2.
23
Let v be (-10)/25*10/(-1). Suppose -v*s - 150 = -s. Let m = 153 + s. Calculate the remainder when m is divided by 35.
33
Suppose 3*c + h - 86 = 0, 3*c - h - 29 = 47. Calculate the remainder when c is divided by 18.
9
Suppose -28*i + 30*i = -4*u + 138, -u + 32 = 3*i. What is the remainder when u is divided by 25?
10
Let u(i) = -2*i**3 - 3*i**2 - 10*i - 39. Calculate the remainder when u(-8) is divided by 73.
70
Let g(i) = 9*i - 6. Suppose 4*l = 16, -l + 1 = -2*h + 5. Calculate the remainder when g(h) is divided by 11.
8
Let b(y) = y + 4. Let l be b(-6). Let g be (l/(-4))/(14/56). Suppose -g*f - 4*n + 10 = 0, -f + 6 = -0*n + 3*n. What is the remainder when 7 is divided by f?
1
Let a = -81 + 109. Suppose 24*h - a*h = -8. Calculate the remainder when 2 is divided by h.
0
Let v be 1/(-1) + 1 + 3. Let j(k) = 11*k - 1. Let x be j(1). Let o = x - v. Calculate the remainder when 12 is divided by o.
5
Let v = 252 + -239. What is the remainder when 582 is divided by v?
10
Suppose 0 = -2*n + 4*n - 10. Suppose 3*a = -4*m + 49, -a + 38 = -n*m + 2*m. Let l = 31 - a. Calculate the remainder when 15 is divided by l.
7
Let w(d) = -12*d - 58. Calculate the remainder when w(-17) is divided by 7.
6
Suppose -5*p + 13 = 3. What is the remainder when 27 is divided by p?
1
Let z = -17 - -46. Suppose 4*l + 4 - 20 = 0. Calculate the remainder when z is divided by l.
1
Let t(f) = -f**3 + 23*f**2 + 24*f + 4. Suppose -3*o - 5*n = -92, -n - 68 = -4*o + o. Calculate the remainder when (-1)/2 - (-23)/2 is divided by t(o).
3
Suppose -4*z + 0 + 8 = 0. Let b = 80 + -80. Suppose -j + 10 - 8 = b. Calculate the remainder when z is divided by j.
0
Let u be (-9 + 48/8)/((-3)/(-2)). Let t(s) = 14*s**2 + 3. Calculate the remainder when t(u) is divided by 2/(-4) + (-31)/(-2).
14
Suppose 68 = -2*t + 18. Let m be 4/(-6) + t/3. What is the remainder when 23 is divided by 3*(-3)/(m/8)?
7
Suppose -c + 6*c = 2660. Calculate the remainder when (-6)/(-9) + c/12 is divided by 6.
3
Suppose 5*w + 5*o = 0, 2*w + 10 = -4*o + 2. Suppose 19 = w*s - 53. What is the remainder when s is divided by 5?
3
Suppose -577 = t - 599. Let u(f) = -f**3 - f + 64. What is the remainder when u(0) is divided by t?
20
Suppose -2*j + 14 = -2. Let p = 83 - 21. Let g = p - 25. Calculate the remainder when g is divided by j.
5
Suppose 56*y = 41*y + 2355. What is the remainder when y is divided by 43?
28
Let v = 1278 + -1272. Calculate the remainder when 849 is divided by v.
3
Suppose -5*p + 1862 = -4*z - 1100, -4*p - 2*z + 2354 = 0. Calculate the remainder when p is divided by 37.
35
Suppose 0 = 3*j - 15, 0*v + 4*v = -4*j + 452. What is the remainder when 87 is divided by ((-10)/(-30))/(2/v)?
15
Let w be (6/(-4))/(9/480). Suppose j - 69 + 16 = 2*i, -3*i - j - 77 = 0. Let m = i - w. What is the remainder when m is divided by 19?
16
Let d(k) = 9*k - 31. Suppose -r + 1 = b, 5*r + 0*b = b + 11. Let i(f) = 26*f + 1. What is the remainder when i(r) is divided by d(5)?
11
Let d(x) = x**2 + 9*x - 5. Let u(r) = 3*r - 2. Let c be u(5). Let k = 5 + c. Calculate the remainder when k is divided by d(-10).
3
Suppose -13*r - 527 + 5064 = 0. What is the remainder when r is divided by 32?
29
Let t(o) = -o**2 - 9*o - 4. Suppose -12 = -5*b + 13. Suppose 0 = b*g + 47 - 7. What is the remainder when 7 is divided by t(g)?
3
Let m = 763 - 344. Suppose 6*b - 367 = m. What is the remainder when b is divided by 44?
43
Suppose -4*a = 8, -h - 27*a + 24*a = -10. What is the remainder when 108 is divided by h?
12
Let p = -21 - -7. Let f = -4 - p. Suppose -o = -f - 1. What is the remainder when 53 is divided by o?
9
Suppose 3*z + 483 = 2*j, -3*z + 696 = 3*j + 2*z. What is the remainder when j is divided by 7?
6
Suppose 999 = 16*l - 1033. Calculate the remainder when l is divided by 16.
15
Let j(z) = -5*z**2 + 82*z - 29. What is the remainder when j(14) is divided by 12?
7
Suppose -i = -4*i + 24. Let t(a) = 2*a**2 - 31*a + 120. What is the remainder when t(5) is divided by i/(-10)*30/(-4)?
3
Let m(u) = -u**3 - 11*u**2 + 5. Let f(z) = -z**2 + z + 8. Let k be f(6). Let p = -33 - k. Calculate the remainder when 8 is divided by m(p).
3
Let z be ((-14)/4 - -3)*-288. Suppose -4*o - 378 = -6*d + d, -4*o - z = -2*d. What is the remainder when d is divided by 20?
18
Let r be (-10 + 11)/((-2)/(-10)). Suppose -s - 2*s - o = -46, r*s - 2*o - 73 = 0. Calculate the remainder when 57/(0 + 1) + 0 is divided by s.
12
Calculate the remainder when 98 is divided by (101 - 55) + 2/(2/(-3)).
12
Suppose -2*m - 8 = -f, -4*m + 7 = 5*f - 3*m. Calculate the remainder when (-255)/(-20) + (-1)/(-4) is divided by f.
1
Suppose 3*a = -2 + 20. Suppose a*y = 4*y + 80. Calculate the remainder when y is divided by 21.
19
Let v(p) = -p**3 + 12*p**2 + 17*p + 6. Calculate the remainder when v(6) is divided by 65.
64
What is the remainder when 681 is divided by (22 + -3)/(2 - 1)?
16
Suppose 112*y = 103*y + 3150. What is the remainder when y is divided by 88?
86
Let j be (5/2)/((-3)/12). What is the remainder when 2/(-3)*(j - 119) is divided by 29?
28
Suppose -7*r + 69 = 5*z - 65, 68 = 4*r + 5*z. What is the remainder when 262 is divided by r?
20
Let o(y) = -3*y**2 - 2*y + 12. Let q be o(-5). Let f = 59 + q. What is the remainder when 12 is divided by f?
0
Let m = 20 + -8. Suppose 55*n - 290 + 70 = 0. What is the remainder when m is divided by n?
0
Let o be (-1)/5 + 93/15. Let i be (-4)/12 + 32/o. Suppose 2*r = i*r - 99. Calculate the remainder when r is divided by 9.
6
Let n(u) = 2*u**2 + 45*u + 9. Suppose 5*h - 149 = -3*p, -4*p = -4*h + 35 + 65. Calculate the remainder when n(-24) is divided by h.
25
Let 